t common divisor of 820417 and 37687?
2899
Calculate the greatest common factor of 36639 and 4904847.
1593
Calculate the highest common divisor of 57382978 and 1834.
262
What is the highest common divisor of 215985 and 1394778?
231
What is the greatest common factor of 8033 and 55999?
29
Calculate the highest common divisor of 19431 and 18021681.
1143
Calculate the greatest common factor of 378 and 84019446.
126
What is the greatest common divisor of 1022 and 2325326962?
1022
What is the greatest common divisor of 4732000 and 31304?
728
What is the greatest common divisor of 81121546 and 242?
242
Calculate the highest common factor of 2672696 and 6057896.
3224
What is the greatest common factor of 126091728 and 11664?
3888
Calculate the greatest common factor of 11378686 and 1738.
1738
What is the greatest common factor of 4133508 and 792?
12
What is the greatest common divisor of 12701671 and 3439?
19
What is the greatest common divisor of 292 and 3061328?
292
Calculate the greatest common divisor of 17548 and 11425798.
82
Calculate the greatest common factor of 134 and 9666626.
134
What is the highest common factor of 809794103 and 46268?
11567
Calculate the greatest common divisor of 178 and 7554142.
178
What is the greatest common divisor of 2440 and 11597015?
305
What is the greatest common divisor of 45181643 and 845?
169
What is the greatest common divisor of 3260133 and 279?
9
What is the highest common divisor of 55262840 and 7760?
3880
Calculate the highest common divisor of 342045 and 155729288.
7601
Calculate the greatest common divisor of 13030420 and 2070.
230
Calculate the highest common divisor of 1633474 and 8909.
59
Calculate the greatest common divisor of 1212 and 529717932.
1212
Calculate the highest common factor of 12838457 and 278.
139
What is the highest common divisor of 1688643393 and 6362?
3181
Calculate the highest common divisor of 17740 and 54220.
20
What is the highest common divisor of 6426 and 698922?
378
Calculate the highest common divisor of 248544182 and 238.
34
Calculate the highest common factor of 320 and 5570320.
80
What is the greatest common divisor of 17860 and 178515165?
4465
Calculate the highest common factor of 299888745 and 7665.
1095
What is the highest common factor of 15 and 3007705?
5
What is the greatest common factor of 22 and 9240737?
11
What is the greatest common divisor of 10960 and 39388870?
1370
Calculate the greatest common factor of 76590 and 395370.
2070
Calculate the greatest common divisor of 343240562 and 224.
14
What is the highest common factor of 70824633 and 66?
33
What is the greatest common factor of 3937536 and 252?
36
Calculate the greatest common factor of 22 and 70153039.
11
What is the greatest common divisor of 63216 and 147996?
36
What is the highest common divisor of 10206 and 423306?
486
Calculate the highest common divisor of 1412631 and 75240.
1881
What is the highest common factor of 2233 and 884471?
203
What is the highest common factor of 118255 and 947805?
1765
Calculate the highest common divisor of 1156099 and 15533.
2219
Calculate the highest common divisor of 302278 and 29797.
359
What is the greatest common factor of 1632 and 413329296?
816
Calculate the highest common divisor of 876554 and 431375.
3451
Calculate the highest common factor of 4 and 123853.
1
What is the highest common divisor of 8232 and 2085?
3
What is the greatest common divisor of 9 and 3524235831?
9
What is the greatest common factor of 85055313 and 84?
21
What is the greatest common divisor of 292438 and 24966?
146
What is the highest common factor of 11997 and 258129?
387
Calculate the greatest common divisor of 63162 and 32274.
198
What is the highest common factor of 418370 and 194740?
1070
What is the greatest common divisor of 9232026 and 94522?
566
What is the highest common divisor of 173706910 and 130?
130
What is the greatest common divisor of 16884696 and 706?
706
What is the highest common factor of 273 and 2181738741?
273
What is the greatest common divisor of 817 and 680905?
43
Calculate the highest common divisor of 13236366 and 52.
26
Calculate the highest common factor of 21460599 and 54.
27
What is the highest common factor of 336367 and 4477?
37
Calculate the greatest common factor of 9231 and 619925.
181
Calculate the greatest common factor of 16719744 and 2176.
128
Calculate the highest common factor of 11493 and 184627383.
3831
What is the highest common factor of 3344 and 1567648?
16
Calculate the highest common divisor of 31030421 and 409.
409
What is the highest common factor of 640702 and 58642?
218
Calculate the highest common factor of 147 and 94243044.
21
Calculate the highest common divisor of 162414 and 110854.
2578
Calculate the greatest common factor of 4 and 324829504.
4
What is the highest common divisor of 42567225 and 7380?
615
Calculate the highest common factor of 8 and 4228800.
8
What is the highest common divisor of 5567412 and 2100?
12
Calculate the greatest common factor of 5352 and 617041.
223
What is the greatest common divisor of 11228 and 36701?
7
What is the highest common divisor of 14676103 and 65?
13
What is the greatest common divisor of 113998248 and 36?
36
What is the highest common divisor of 13698 and 14271794?
1522
What is the greatest common factor of 192 and 50550016?
64
Calculate the highest common factor of 42 and 3115364.
14
Calculate the highest common divisor of 962286160 and 17688.
5896
What is the greatest common factor of 3116 and 104099?
41
What is the highest common divisor of 5052 and 1160276?
1684
What is the greatest common divisor of 183794 and 962?
26
Calculate the greatest common factor of 128 and 31408688.
16
Calculate the highest common factor of 1155 and 276292170.
1155
What is the greatest common factor of 1668006 and 287402?
2686
Calculate the greatest common divisor of 2090 and 5226710.
190
What is the highest common divisor of 7929136 and 16?
16
What is the highest common factor of 20808 and 3368?
8
Calculate the highest common divisor of 25 and 147763700.
25
Calculate the greatest common factor of 95912 and 123162997.
11989
Calculate the highest common factor of 345 and 39291705.
345
What is the greatest common factor of 437 and 12366568?
19
Calculate the highest common divisor of 17472 and 2774208.
192
What is the highest common factor of 579 and 29210357?
193
Calculate the greatest common factor of 820 and 43544665.
205
What is the greatest common factor of 213376812 and 484?
44
What is the highest common divisor of 35805 and 64635?
465
Calculate the greatest common divisor of 84 and 287105252.
28
Calculate the greatest common factor of 967 and 53083.
1
Calculate the greatest common factor of 14000 and 215936.
112
What is the highest common factor of 16216641 and 189?
63
Calculate the greatest common divisor of 492 and 50089618.
82
What is the greatest common divisor of 340800 and 176460?
60
What is the greatest common divisor of 237530 and 1090?
10
What is the greatest common factor of 1140754 and 19596?
46
What is the greatest common factor of 126 and 8903349?
63
Calculate the greatest common divisor of 39195 and 133048935.
3015
What is the highest common factor of 130 and 2681029?
13
Calculate the highest common factor of 5302215 and 243.
9
What is the greatest common divisor of 8693409 and 3252?
813
What is the greatest common divisor of 111504 and 384?
48
Calculate the greatest common factor of 1857635 and 265.
5
Calculate the highest common factor of 6768 and 27252.
36
Calculate the highest common divisor of 1098 and 7597794.
366
What is the highest common factor of 2065 and 474336695?
2065
What is the highest common divisor of 22795129 and 7196?
1799
Calculate the highest common divisor of 119948729 and 209.
19
What is the greatest common factor of 5051771 and 2958?
493
What is the greatest common factor of 28363 and 4?
1
What is the greatest common divisor of 3238284 and 7980?
1596
What is the greatest common divisor of 9587397 and 822?
411
Calculate the highest common divisor of 1658 and 532315822.
1658
Calculate the highest common factor of 346125 and 3404375.
1625
What is the greatest common divisor of 151933145 and 5098?
2549
Calculate the highest common divisor of 580 and 124029665